3979?
2971, 480449
List the prime factors of 45749432.
2, 5718679
What are the prime factors of 448949325?
3, 5, 11, 61, 811
What are the prime factors of 34709722?
2, 17354861
What are the prime factors of 540643674?
2, 3, 1171, 76949
List the prime factors of 84865983.
3, 109, 2381
List the prime factors of 80092523.
7, 353, 32413
List the prime factors of 4920704695.
5, 1307, 752977
List the prime factors of 1678823052.
2, 3, 19, 37, 59, 3373
List the prime factors of 1390018507.
3769, 368803
List the prime factors of 66396763.
83, 799961
What are the prime factors of 327427496?
2, 11, 3720767
List the prime factors of 509176284.
2, 3, 42431357
What are the prime factors of 155373509?
283, 549023
What are the prime factors of 1428454211?
101, 139, 101749
What are the prime factors of 901750134?
2, 3, 31, 4848119
What are the prime factors of 641333062?
2, 37, 2063, 4201
List the prime factors of 845159407.
283, 2986429
What are the prime factors of 3731801016?
2, 3, 659, 235951
What are the prime factors of 7548316521?
3, 41, 61368427
List the prime factors of 399924171.
3, 439, 101221
What are the prime factors of 1340006873?
89, 1439, 10463
What are the prime factors of 6250978926?
2, 3, 115758869
What are the prime factors of 133981339?
83, 1614233
What are the prime factors of 167581127?
7, 3420023
What are the prime factors of 130634377?
467, 279731
What are the prime factors of 883074661?
7, 126153523
List the prime factors of 878734614.
2, 3, 67, 2185907
List the prime factors of 206394601.
7, 29484943
What are the prime factors of 162371307?
3, 7, 79, 97, 1009
List the prime factors of 14396946.
2, 3, 19, 47, 2687
What are the prime factors of 294843848?
2, 13, 2835037
What are the prime factors of 70246989?
3, 7805221
List the prime factors of 348418544.
2, 331, 65789
What are the prime factors of 22820949?
3, 173, 14657
What are the prime factors of 667882442?
2, 97, 3442693
What are the prime factors of 1520145315?
3, 5, 13, 41, 61, 1039
What are the prime factors of 28187002?
2, 61, 231041
What are the prime factors of 73286693?
149, 491857
List the prime factors of 1467956168.
2, 7, 1787, 14669
List the prime factors of 2491233561.
3, 3511, 78839
What are the prime factors of 4639626421?
71, 65346851
What are the prime factors of 1287857825?
5, 51514313
List the prime factors of 188271410.
2, 5, 71, 283, 937
What are the prime factors of 376332788?
2, 13, 7237169
List the prime factors of 2463548064.
2, 3, 17, 911, 1657
What are the prime factors of 33406203?
3, 11135401
What are the prime factors of 331271321?
29, 11423149
What are the prime factors of 111704824?
2, 7, 11, 17, 10667
List the prime factors of 1532380931.
4787, 320113
List the prime factors of 1195135006.
2, 13, 45966731
List the prime factors of 1941616618.
2, 970808309
List the prime factors of 1274041179.
3, 141560131
What are the prime factors of 2427058832?
2, 11, 13790107
List the prime factors of 124090330.
2, 5, 7, 13, 19, 7177
What are the prime factors of 2435933540?
2, 5, 7817, 15581
What are the prime factors of 81932489?
81932489
List the prime factors of 1522352591.
41, 37130551
List the prime factors of 1647950491.
11, 29, 1867, 2767
List the prime factors of 295095902.
2, 147547951
What are the prime factors of 235222823?
11, 31, 689803
What are the prime factors of 792392589?
3, 71, 73, 16987
What are the prime factors of 597379378?
2, 298689689
What are the prime factors of 86098117?
7, 12299731
What are the prime factors of 1925576610?
2, 3, 5, 1567, 40961
List the prime factors of 14992327.
7, 911, 2351
List the prime factors of 178838054.
2, 89419027
What are the prime factors of 820261567?
311, 2637497
List the prime factors of 76346402.
2, 11, 315481
What are the prime factors of 3630192964?
2, 1811, 501131
List the prime factors of 170409177.
3, 2103817
List the prime factors of 1258514380.
2, 5, 131, 480349
What are the prime factors of 376171365?
3, 5, 25078091
What are the prime factors of 156946667?
59, 887, 2999
What are the prime factors of 486738770?
2, 5, 7, 19, 365969
List the prime factors of 5606784440.
2, 5, 41, 3418771
What are the prime factors of 119223808?
2, 11, 21169
What are the prime factors of 318908660?
2, 5, 7, 41, 7937
What are the prime factors of 51077273?
13, 23, 170827
List the prime factors of 2762779348.
2, 7, 14095813
List the prime factors of 32636239.
32636239
What are the prime factors of 114383579?
281, 407059
List the prime factors of 45803141.
139, 329519
What are the prime factors of 11843197?
2473, 4789
What are the prime factors of 3414039783?
3, 7, 11, 41, 547, 659
List the prime factors of 2202525354.
2, 3, 1361, 269719
List the prime factors of 292178089.
7, 59, 67, 10559
What are the prime factors of 1626769235?
5, 7, 13, 3575317
List the prime factors of 329163007.
313, 1051639
List the prime factors of 91251541.
91251541
List the prime factors of 33645060.
2, 3, 5, 186917
What are the prime factors of 18247993?
23, 37, 41, 523
List the prime factors of 1719904303.
13, 1741, 75991
List the prime factors of 252317449.
107, 1259, 1873
What are the prime factors of 374686519?
109, 491, 7001
What are the prime factors of 107239509?
3, 13, 31, 29567
What are the prime factors of 1742635073?
397, 4389509
What are the prime factors of 42673573?
67, 636919
List the prime factors of 49285375.
5, 47, 8389
List the prime factors of 731205303.
3, 73, 97, 34421
List the prime factors of 1403745292.
2, 23, 137, 111373
What are the prime factors of 9559616?
2, 11, 37, 367
What are the prime factors of 1887196534?
2, 1249, 755483
List the prime factors of 508315597.
15137, 33581
What are the prime factors of 1889773607?
151, 1181, 10597
List the prime factors of 21177810.
2, 3, 5, 235309
What are the prime factors of 39176084?
2, 23, 269, 1583
What are the prime factors of 143054036?
2, 463, 77243
List the prime factors of 1212807321.
3, 11, 53, 21013
List the prime factors of 106835020.
2, 5, 5341751
What are the prime factors of 1575731044?
2, 43, 2039, 4493
List the prime factors of 186701146.
2, 93350573
What are the prime factors of 13331680?
2, 5, 97, 859
List the prime factors of 2060786703.
3, 686928901
List the prime factors of 3899345943.
3, 31, 149, 439, 641
List the prime factors of 3268765137.
3, 11, 2203, 44963
List the prime factors of 23431866.
2, 3, 587, 6653
List the prime factors of 103327076.
2, 419, 61651
List the prime factors of 1930197298.
2, 965098649
What are the prime factors of 63108929?
13, 109, 44537
What are the prime factors of 11733036?
2, 3, 7, 23, 6073
What are the prime factors of 61678288?
2, 7, 47, 11717
List the prime factors of 172908065.
5, 11, 47, 66889
List the prime factors of 188138258.
2, 7, 11, 41, 83, 359
List the prime factors of 84072857.
11, 127, 5471
What are the prime factors of 2454006625?
5, 7, 79, 131, 271
List the prime factors of 151795748.
2, 13, 2919149
What are the prime factors of 464602598?
2, 232301299
What are the prime factors of 394409498?
2, 7, 181, 317, 491
List the prime factors of 8354994762.
2, 3, 47, 103, 313, 919
List the prime factors of 160411764.
2, 3, 13367647
List the prime factors of 46945733.
953, 49261
List the prime factors of 321222354.
2, 3, 53537059
What are the prime factors of 759137744?
2, 6547, 7247
List the prime factors of 1002397391.
83, 12077077
List the prime factors of 3790668309.
3, 1263556103
What are the prime factors of 1340410261?
23, 197, 295831
What are the prime factors of 1064914041?
3, 354971347
List the prime factors of 2368865.
5, 17, 29, 31
List the prime factors of 49250679.
3, 19, 864047
What are the prime factors of 264138459?
3, 13, 1523, 4447
List the prime factors of 482683918.
2, 241341959
List the prime factors of 3006898803.
3, 61, 5477047
What are the prime factors of 49248549?
3, 7, 97, 8059
What are the prime factors of 2482314561?
3, 275812729
What are the prime factors of 62765451?
3, 7, 107, 9311
List the prime factors of 180842336.
2, 109, 139, 373
What are the prime factors of 847493431?
4013, 211187
What are the prime factors of 548127428?
2, 19, 109, 127, 521
What are the prime factors of 75521796?
2, 3, 7, 899069
List the prime factors of 57038900.
2, 5, 570389
List the prime fa